 = -5*w + 2*q. Suppose 2*x = 62 - w. Suppose u + 165 = 3*u + 5*a, x*a = -3*u + 240. What is the units digit of u?
5
Let v be (-4 - (-30)/4) + (-6)/4. Suppose 0 = -v*m + 10. Suppose m*c + x - 595 = 776, -c + 3*x = -271. What is the hundreds digit of c?
2
Suppose -2*l + 19 = 6*p - p, -1 = -2*l + p. What is the hundreds digit of 1986/(l/(-1))*(-6)/9?
6
Suppose 4*y = -2*b + 6*b - 6472, 0 = 3*b + 6*y - 4881. What is the tens digit of b?
2
Let c be -2679 - (-2 + -8 - -5). Let u = -1306 - c. What is the units digit of u?
8
Let y = -112 - -107. Let w be 1 + 1 - (y - (-2 - 1)). Suppose -w*c + 360 + 4 = 0. What is the tens digit of c?
9
Suppose -3*k + 3 = 0, -23613 = -5*x - 23*k + 20*k. What is the hundreds digit of x?
7
Let u = 13499 + -7797. What is the tens digit of u?
0
Suppose -2*m - 3*q - 737 = 0, 4*m + 1444 = -q + 5*q. Let j = -241 - m. What is the hundreds digit of j?
1
Suppose 30 = -0*c + 5*c. Suppose -5*m = -4*x + c*x - 124, -2*m = -3*x + 205. Suppose h + x = 3*l - 50, -5*h - 53 = -l. What is the units digit of l?
8
Let u(s) be the third derivative of -s**6/120 - s**5/20 + s**4/8 - 8*s**3/3 - s**2. Suppose -3*m = 5 + 10. What is the units digit of u(m)?
9
What is the ten thousands digit of -30678*(-9*(-9)/162)/((-5)/10)?
3
Let x(i) = -594*i**3 - 6*i**2 + 41*i + 141. What is the units digit of x(-3)?
2
Suppose -6 = 5*x - 3*w, 3*x + 2*x = 2*w - 4. Suppose -5*n + 540 + 265 = x. Let z = -94 + n. What is the units digit of z?
7
Let l(b) = -34*b - 303. Let a be l(-3). Let n = 834 - 1199. Let c = a - n. What is the units digit of c?
4
Suppose 0 = -5*b - 5, 0 = 5*u - 3*b + 185 + 382. Let z be (-7)/(-3) + u/18 + 6. Suppose -z*p + 6*p - 256 = 0. What is the units digit of p?
4
Let n(o) = o**3 + 51*o**2 + 96*o + 96. What is the tens digit of n(-43)?
6
Suppose -167*b = 9*b - 554928. What is the hundreds digit of b?
1
Let x(d) = 123*d**2 + 167*d + 27. What is the hundreds digit of x(15)?
2
Suppose l - h - 6202 = 0, 2*h = 3*l + 5077 - 23683. What is the thousands digit of l?
6
What is the thousands digit of 5 - (-17)/(-3) - (-26474)/21?
1
Suppose -2*j = -7*j, -2*j + 160 = -2*w. Let x be (10/8)/((-10)/w). Suppose -2*z + 0*z - x = 0, 2*z = -2*o + 112. What is the tens digit of o?
6
Let y(r) = -7*r**2 - 18*r - 304. Let l(b) = 38*b**2 + 91*b + 1520. Let i(c) = -2*l(c) - 11*y(c). What is the hundreds digit of i(-42)?
3
Let t be 2518 - (7 + -6 + 3). Let u = t - 1540. What is the units digit of u?
4
Suppose -25*c = -26*c + 198. Suppose 5*z = -z + c. Suppose z*v - 480 = 28*v. What is the tens digit of v?
9
Let x be 264/(1/(-1)) - -2. Let w be 164/205 + -107*(-21)/(-15). Let r = w - x. What is the units digit of r?
3
Let l(t) = 261*t**2 + 18*t + 410. What is the hundreds digit of l(14)?
8
What is the ten thousands digit of (-1799)/(20/(-264)*(-10)/(-25))?
5
Let b = -473 - -473. What is the hundreds digit of -5 - (-2 - b - 2014/2)?
0
Suppose 5*d + 169 - 189 = 0. Suppose 0 = 5*b + d*o - 1059, -2*b = -o - 407 - 27. What is the tens digit of b?
1
Let z(m) = m**2 + m. Let f be z(-2). What is the units digit of ((-7184)/(-72) - 2) + f/9?
8
What is the hundreds digit of 2/(11/((-187)/(-34))*(-2)/(-6506))?
2
Let s be 5074/86*1*1/(-1). Let o = s + 280. What is the tens digit of o?
2
Let u(d) = -d**3 - 51*d**2 - 49*d + 74. Let r be u(-50). What is the hundreds digit of 28956/r - (2 - (-10)/(-4))?
2
What is the tens digit of (-6396)/(15*11/(-110))?
6
Let u = -4776 - -6596. What is the thousands digit of u?
1
Suppose 24*s - 70410 = 40734. Suppose s = 7*w - 325. What is the hundreds digit of w?
7
Let k(d) be the third derivative of 5*d**4/24 + 23*d**3 + d**2 - 81*d. What is the tens digit of k(-9)?
9
Let x be (-2)/(-34)*2 + 208/(-34). What is the units digit of 23016/54 + x/27?
6
What is the hundreds digit of (-5)/(20/(-88264)) + (11 - 126/14)?
0
Let k(s) = 8*s + 19*s + 33 - 8*s + 2*s. What is the units digit of k(6)?
9
Suppose 31*q - 259516 + 50371 = 16*q. What is the units digit of q?
3
Let w be (6*(2 + -1))/((-2)/(-1)). Let f be 3*(w + (-32)/12)/1. What is the units digit of 2 + f - (-3 + (-171 - 3))?
0
Let f(b) = -4*b**3 - 16*b**2 - 12*b - 21. Let x be (47/47)/(-2 - (-22)/12). What is the tens digit of f(x)?
3
What is the units digit of (-3)/(3/(-2))*(-4 + 14725/2)?
7
Suppose 27*u - 5 = 26*u. Suppose -110*t - 810 = -113*t. Suppose t = 8*f - u*f. What is the tens digit of f?
9
Suppose -4*t + 4*o + 53772 = 0, -20 = -32*o + 27*o. Suppose 15*x + 1237 = t. What is the hundreds digit of x?
8
Let g = -1 - -9. Suppose 0 = -8*h + 67 + 485. Let d = h + g. What is the tens digit of d?
7
Let q(t) = t**2 - 7*t - 43. Let k be q(11). Let l(o) = 153*o + 8. What is the tens digit of l(k)?
6
Suppose -3*t + 264 = 8*t. Let s(x) = x + 3. Let i be s(3). Suppose -5*z + i = -t. What is the units digit of z?
6
Suppose 7*c - 3*t = 3*c + 74, -3*c = -t - 53. What is the units digit of (14 - c) + (-557)/(-1)?
4
Let v = 749 + -420. Suppose 0 = -4*m - f + 1289, -2*f + v = m - 4*f. What is the hundreds digit of m?
3
Suppose -4*f = -f - 33. Suppose -1044 = -u - f*u. Let i = u - 37. What is the units digit of i?
0
Let b = -6 - -290. Let q be ((-3)/(-6))/(1/b). Let t = -79 + q. What is the tens digit of t?
6
Suppose 3*a = -3*f + 15417, -24*f + 20*f - 3*a = -20550. What is the hundreds digit of f?
1
Let q(k) = 170*k - 478. Let d = -624 - -632. What is the tens digit of q(d)?
8
Let a(b) = 226*b**2 - 5*b + 3. Let p be a(1). Suppose 33*f + p = 40*f. What is the units digit of f?
2
Suppose 3*p - 7*p - 5*v - 76 = 0, 50 = -3*p - 2*v. What is the hundreds digit of ((-292)/p)/(10/140)?
2
Let d be ((-1796)/(-9))/(110/495). Let r = 41 + d. What is the units digit of r?
9
Let k(u) = 120*u**2 - 573*u - 5. What is the thousands digit of k(-6)?
7
Suppose 0 = -s + 1, 3081 = p + p - 3*s. What is the hundreds digit of p?
5
Let k(p) = 979*p**3 + 3*p**2 - 17*p + 15. What is the tens digit of k(2)?
2
Let n(h) = -h**3 + 8*h**2 - 3*h - 3. Let k(s) = s. Let d(j) = 2*k(j) + n(j). Suppose 0*i = i - 5. What is the tens digit of d(i)?
6
Suppose -j = -7*j - 108. Let q be 2/2 + j + -19 + 21. Let h = q - -98. What is the tens digit of h?
8
Let k(j) = -7*j + 125. Suppose -32*p = 76 - 556. What is the tens digit of k(p)?
2
Suppose -18*c = -15*c + 6. Let d be (12/(-8)*c)/1. Suppose -48 = -2*s - a + 103, -d*a + 161 = 2*s. What is the tens digit of s?
7
Suppose 8*r = 11*r - q - 29331, 4*r + 5*q = 39146. What is the tens digit of r?
7
Suppose -12 = -9*z + 5*z. Suppose -893 = -z*t + 1378. What is the hundreds digit of t?
7
What is the units digit of 28/462*-11*-9669?
6
Let n(z) = -45982*z + 153. What is the ten thousands digit of n(-2)?
9
Let r be (3/2)/((-1)/58). Suppose 5*g + 0*i + i + 929 = 0, g + 5*i = -181. Let n = r - g. What is the units digit of n?
9
Let v(h) = 619*h + 710. Let d(t) = 155*t + 178. Let p(u) = -9*d(u) + 2*v(u). What is the units digit of p(-6)?
0
Let t = 50632 - -23886. What is the hundreds digit of t?
5
Let t be (2 - 1)/((-17)/(-1513)). Let r be (-3)/(-4 - (-357)/t). What is the tens digit of (-5)/10 + r/(-6)?
4
Let d = 72591 - 42968. What is the hundreds digit of d?
6
Let k(m) = -7*m**3 + 3*m**2 + 5*m + 13. Let h(w) = -51*w - 6. Let l be h(0). What is the tens digit of k(l)?
0
Let s(z) be the second derivative of -z**5/20 + z**4/6 - 8*z**3/3 - 27*z**2 + 2*z - 80. What is the tens digit of s(-6)?
3
Suppose -462*t + 465*t = 9. Suppose -1098 = -2*g - 4*u, t*u - 549 = 4*g - 5*g. What is the tens digit of g?
4
Suppose -2*i + 231 = 31*i. What is the units digit of 12/14*i - -464?
0
Let k(l) be the first derivative of -114*l**2 + 7*l + 30. Let b(f) = 2*f**2 + 11*f + 4. Let p be b(-5). What is the hundreds digit of k(p)?
2
Let k(u) = 43*u + 4307. What is the units digit of k(-7)?
6
Suppose 35 = 5*q - 3*i, i = 2*q - q - 5. Let c(u) = 11*u**2 + 16 - 13 - 9*u - u**3 - 6. What is the units digit of c(q)?
7
Let x(k) = k**3 + 3*k**2 - 3*k + 4. Let c be x(-3). Suppose -15 = 10*b - c*b. Suppose 0 = -a + b*a - 52. What is the tens digit of a?
1
Let m(o) = 276*o + 5541. What is the ten thousands digit of m(101)?
3
Let i(w) = -33*w + 15. Suppose 8 = 13*v - 14*v. Let q be i(v). Let l = -167 + q. What is the hundreds digit of l?
1
Suppose -5*m - 228 = -7*m. Suppose 356 - m = p. What is the tens digit of p?
4
Let b(d) = 447*d - 1725. What